{"id":243,"date":"2025-08-07T03:28:08","date_gmt":"2025-08-07T03:28:08","guid":{"rendered":"https:\/\/imtile.com\/index.php\/luxury-living-room-sofa-for-home-decor-3\/"},"modified":"2025-08-19T03:54:46","modified_gmt":"2025-08-19T03:54:46","slug":"luxury-living-room-sofa-for-home-decor-3","status":"publish","type":"page","link":"https:\/\/imtile.com\/index.php\/luxury-living-room-sofa-for-home-decor-3\/","title":{"rendered":"\u0110\u1ec9nh cao v\u1eefng ch\u1eafc cho m\u1ecdi c\u00f4ng tr\u00ecnh c\u00f9ng G\u1ea1ch Terrazzo"},"content":{"rendered":"\t\t<div data-elementor-type=\"wp-page\" data-elementor-id=\"243\" class=\"elementor elementor-243\">\n\t\t\t\t<div class=\"elementor-element elementor-element-37b5c3d9 e-flex e-con-boxed e-con e-parent\" data-id=\"37b5c3d9\" data-element_type=\"container\">\n\t\t\t\t\t<div class=\"e-con-inner\">\n\t\t\t\t<div class=\"elementor-element elementor-element-25c74071 elementor-widget elementor-widget-text-editor\" data-id=\"25c74071\" data-element_type=\"widget\" data-widget_type=\"text-editor.default\">\n\t\t\t\t\t\t\t\t\t<p>G\u1ea1ch terrazzo mang \u0111\u1ebfn v\u1ebb \u0111\u1eb9p hi\u1ec7n \u0111\u1ea1i v\u1edbi b\u1ec1 m\u1eb7t s\u00e1ng b\u00f3ng, hoa v\u0103n \u0111\u1ed9c \u0111\u00e1o t\u1eeb h\u1ed7n h\u1ee3p \u0111\u00e1 l\u00e1t v\u00e0 xi m\u0103ng<\/p>\t\t\t\t\t\t\t\t<\/div>\n\t\t\t\t\t<\/div>\n\t\t\t\t<\/div>\n\t\t\t\t<\/div>\n\t\t","protected":false},"excerpt":{"rendered":"<p>G\u1ea1ch terrazzo mang \u0111\u1ebfn v\u1ebb \u0111\u1eb9p hi\u1ec7n \u0111\u1ea1i v\u1edbi b\u1ec1 m\u1eb7t s\u00e1ng b\u00f3ng, hoa v\u0103n \u0111\u1ed9c \u0111\u00e1o t\u1eeb h\u1ed7n h\u1ee3p \u0111\u00e1 l\u00e1t v\u00e0 xi m\u0103ng<\/p>\n","protected":false},"author":1,"featured_media":1222,"parent":0,"menu_order":0,"comment_status":"closed","ping_status":"closed","template":"","meta":{"footnotes":""},"class_list":["post-243","page","type-page","status-publish","has-post-thumbnail","hentry"],"yoast_head":"<!-- This site is optimized with the Yoast SEO plugin v25.6 - https:\/\/yoast.com\/wordpress\/plugins\/seo\/ -->\n<title>\u0110\u1ec9nh cao v\u1eefng ch\u1eafc cho m\u1ecdi c\u00f4ng tr\u00ecnh c\u00f9ng G\u1ea1ch Terrazzo - Imtile G\u1ea1ch Nh\u1eadp Kh\u1ea9u<\/title>\n<meta name=\"robots\" content=\"index, follow, max-snippet:-1, max-image-preview:large, max-video-preview:-1\" \/>\n<link rel=\"canonical\" href=\"https:\/\/imtile.com\/index.php\/luxury-living-room-sofa-for-home-decor-3\/\" \/>\n<meta property=\"og:locale\" content=\"vi_VN\" \/>\n<meta property=\"og:type\" content=\"article\" \/>\n<meta property=\"og:title\" content=\"\u0110\u1ec9nh cao v\u1eefng ch\u1eafc cho m\u1ecdi c\u00f4ng tr\u00ecnh c\u00f9ng G\u1ea1ch Terrazzo - Imtile G\u1ea1ch Nh\u1eadp Kh\u1ea9u\" \/>\n<meta property=\"og:description\" content=\"G\u1ea1ch terrazzo mang \u0111\u1ebfn v\u1ebb \u0111\u1eb9p hi\u1ec7n \u0111\u1ea1i v\u1edbi b\u1ec1 m\u1eb7t s\u00e1ng b\u00f3ng, hoa v\u0103n \u0111\u1ed9c \u0111\u00e1o t\u1eeb h\u1ed7n h\u1ee3p \u0111\u00e1 l\u00e1t v\u00e0 xi m\u0103ng\" \/>\n<meta property=\"og:url\" content=\"https:\/\/imtile.com\/index.php\/luxury-living-room-sofa-for-home-decor-3\/\" \/>\n<meta property=\"og:site_name\" content=\"Imtile G\u1ea1ch Nh\u1eadp Kh\u1ea9u\" \/>\n<meta property=\"article:modified_time\" content=\"2025-08-19T03:54:46+00:00\" \/>\n<meta property=\"og:image\" content=\"https:\/\/imtile.com\/wp-content\/uploads\/2025\/08\/gach-terrazzo-nha-tam-10.jpg\" \/>\n\t<meta property=\"og:image:width\" content=\"650\" \/>\n\t<meta property=\"og:image:height\" content=\"498\" \/>\n\t<meta property=\"og:image:type\" content=\"image\/jpeg\" \/>\n<meta name=\"twitter:card\" content=\"summary_large_image\" \/>\n<meta name=\"twitter:label1\" content=\"\u01af\u1edbc t\u00ednh th\u1eddi gian \u0111\u1ecdc\" \/>\n\t<meta name=\"twitter:data1\" content=\"1 ph\u00fat\" \/>\n<script type=\"application\/ld+json\" class=\"yoast-schema-graph\">{\"@context\":\"https:\/\/schema.org\",\"@graph\":[{\"@type\":\"WebPage\",\"@id\":\"https:\/\/imtile.com\/index.php\/luxury-living-room-sofa-for-home-decor-3\/\",\"url\":\"https:\/\/imtile.com\/index.php\/luxury-living-room-sofa-for-home-decor-3\/\",\"name\":\"\u0110\u1ec9nh cao v\u1eefng ch\u1eafc cho m\u1ecdi c\u00f4ng tr\u00ecnh c\u00f9ng G\u1ea1ch Terrazzo - Imtile G\u1ea1ch Nh\u1eadp Kh\u1ea9u\",\"isPartOf\":{\"@id\":\"https:\/\/imtile.com\/#website\"},\"primaryImageOfPage\":{\"@id\":\"https:\/\/imtile.com\/index.php\/luxury-living-room-sofa-for-home-decor-3\/#primaryimage\"},\"image\":{\"@id\":\"https:\/\/imtile.com\/index.php\/luxury-living-room-sofa-for-home-decor-3\/#primaryimage\"},\"thumbnailUrl\":\"https:\/\/imtile.com\/wp-content\/uploads\/2025\/08\/gach-terrazzo-nha-tam-10.jpg\",\"datePublished\":\"2025-08-07T03:28:08+00:00\",\"dateModified\":\"2025-08-19T03:54:46+00:00\",\"breadcrumb\":{\"@id\":\"https:\/\/imtile.com\/index.php\/luxury-living-room-sofa-for-home-decor-3\/#breadcrumb\"},\"inLanguage\":\"vi\",\"potentialAction\":[{\"@type\":\"ReadAction\",\"target\":[\"https:\/\/imtile.com\/index.php\/luxury-living-room-sofa-for-home-decor-3\/\"]}]},{\"@type\":\"ImageObject\",\"inLanguage\":\"vi\",\"@id\":\"https:\/\/imtile.com\/index.php\/luxury-living-room-sofa-for-home-decor-3\/#primaryimage\",\"url\":\"https:\/\/imtile.com\/wp-content\/uploads\/2025\/08\/gach-terrazzo-nha-tam-10.jpg\",\"contentUrl\":\"https:\/\/imtile.com\/wp-content\/uploads\/2025\/08\/gach-terrazzo-nha-tam-10.jpg\",\"width\":650,\"height\":498},{\"@type\":\"BreadcrumbList\",\"@id\":\"https:\/\/imtile.com\/index.php\/luxury-living-room-sofa-for-home-decor-3\/#breadcrumb\",\"itemListElement\":[{\"@type\":\"ListItem\",\"position\":1,\"name\":\"Trang ch\u1ee7\",\"item\":\"https:\/\/imtile.com\/\"},{\"@type\":\"ListItem\",\"position\":2,\"name\":\"\u0110\u1ec9nh cao v\u1eefng ch\u1eafc cho m\u1ecdi c\u00f4ng tr\u00ecnh c\u00f9ng G\u1ea1ch Terrazzo\"}]},{\"@type\":\"WebSite\",\"@id\":\"https:\/\/imtile.com\/#website\",\"url\":\"https:\/\/imtile.com\/\",\"name\":\"Imtile G\u1ea1ch Nh\u1eadp Kh\u1ea9u\",\"description\":\"D\u1eaaN \u0110\u1ea6U XU H\u01af\u1edaNG G\u1ea0CH\",\"publisher\":{\"@id\":\"https:\/\/imtile.com\/#organization\"},\"potentialAction\":[{\"@type\":\"SearchAction\",\"target\":{\"@type\":\"EntryPoint\",\"urlTemplate\":\"https:\/\/imtile.com\/?s={search_term_string}\"},\"query-input\":{\"@type\":\"PropertyValueSpecification\",\"valueRequired\":true,\"valueName\":\"search_term_string\"}}],\"inLanguage\":\"vi\"},{\"@type\":\"Organization\",\"@id\":\"https:\/\/imtile.com\/#organization\",\"name\":\"Imtile G\u1ea1ch Nh\u1eadp Kh\u1ea9u\",\"url\":\"https:\/\/imtile.com\/\",\"logo\":{\"@type\":\"ImageObject\",\"inLanguage\":\"vi\",\"@id\":\"https:\/\/imtile.com\/#\/schema\/logo\/image\/\",\"url\":\"https:\/\/imtile.com\/wp-content\/uploads\/2025\/08\/cropped-z6871227294711_b67f846ad200e85f9c45efe3187db7f9-3-2.png\",\"contentUrl\":\"https:\/\/imtile.com\/wp-content\/uploads\/2025\/08\/cropped-z6871227294711_b67f846ad200e85f9c45efe3187db7f9-3-2.png\",\"width\":2061,\"height\":531,\"caption\":\"Imtile G\u1ea1ch Nh\u1eadp Kh\u1ea9u\"},\"image\":{\"@id\":\"https:\/\/imtile.com\/#\/schema\/logo\/image\/\"}}]}<\/script>\n<!-- \/ Yoast SEO plugin. -->","yoast_head_json":{"title":"\u0110\u1ec9nh cao v\u1eefng ch\u1eafc cho m\u1ecdi c\u00f4ng tr\u00ecnh c\u00f9ng G\u1ea1ch Terrazzo - Imtile G\u1ea1ch Nh\u1eadp Kh\u1ea9u","robots":{"index":"index","follow":"follow","max-snippet":"max-snippet:-1","max-image-preview":"max-image-preview:large","max-video-preview":"max-video-preview:-1"},"canonical":"https:\/\/imtile.com\/index.php\/luxury-living-room-sofa-for-home-decor-3\/","og_locale":"vi_VN","og_type":"article","og_title":"\u0110\u1ec9nh cao v\u1eefng ch\u1eafc cho m\u1ecdi c\u00f4ng tr\u00ecnh c\u00f9ng G\u1ea1ch Terrazzo - Imtile G\u1ea1ch Nh\u1eadp Kh\u1ea9u","og_description":"G\u1ea1ch terrazzo mang \u0111\u1ebfn v\u1ebb \u0111\u1eb9p hi\u1ec7n \u0111\u1ea1i v\u1edbi b\u1ec1 m\u1eb7t s\u00e1ng b\u00f3ng, hoa v\u0103n \u0111\u1ed9c \u0111\u00e1o t\u1eeb h\u1ed7n h\u1ee3p \u0111\u00e1 l\u00e1t v\u00e0 xi m\u0103ng","og_url":"https:\/\/imtile.com\/index.php\/luxury-living-room-sofa-for-home-decor-3\/","og_site_name":"Imtile G\u1ea1ch Nh\u1eadp Kh\u1ea9u","article_modified_time":"2025-08-19T03:54:46+00:00","og_image":[{"width":650,"height":498,"url":"https:\/\/imtile.com\/wp-content\/uploads\/2025\/08\/gach-terrazzo-nha-tam-10.jpg","type":"image\/jpeg"}],"twitter_card":"summary_large_image","twitter_misc":{"\u01af\u1edbc t\u00ednh th\u1eddi gian \u0111\u1ecdc":"1 ph\u00fat"},"schema":{"@context":"https:\/\/schema.org","@graph":[{"@type":"WebPage","@id":"https:\/\/imtile.com\/index.php\/luxury-living-room-sofa-for-home-decor-3\/","url":"https:\/\/imtile.com\/index.php\/luxury-living-room-sofa-for-home-decor-3\/","name":"\u0110\u1ec9nh cao v\u1eefng ch\u1eafc cho m\u1ecdi c\u00f4ng tr\u00ecnh c\u00f9ng G\u1ea1ch Terrazzo - Imtile G\u1ea1ch Nh\u1eadp Kh\u1ea9u","isPartOf":{"@id":"https:\/\/imtile.com\/#website"},"primaryImageOfPage":{"@id":"https:\/\/imtile.com\/index.php\/luxury-living-room-sofa-for-home-decor-3\/#primaryimage"},"image":{"@id":"https:\/\/imtile.com\/index.php\/luxury-living-room-sofa-for-home-decor-3\/#primaryimage"},"thumbnailUrl":"https:\/\/imtile.com\/wp-content\/uploads\/2025\/08\/gach-terrazzo-nha-tam-10.jpg","datePublished":"2025-08-07T03:28:08+00:00","dateModified":"2025-08-19T03:54:46+00:00","breadcrumb":{"@id":"https:\/\/imtile.com\/index.php\/luxury-living-room-sofa-for-home-decor-3\/#breadcrumb"},"inLanguage":"vi","potentialAction":[{"@type":"ReadAction","target":["https:\/\/imtile.com\/index.php\/luxury-living-room-sofa-for-home-decor-3\/"]}]},{"@type":"ImageObject","inLanguage":"vi","@id":"https:\/\/imtile.com\/index.php\/luxury-living-room-sofa-for-home-decor-3\/#primaryimage","url":"https:\/\/imtile.com\/wp-content\/uploads\/2025\/08\/gach-terrazzo-nha-tam-10.jpg","contentUrl":"https:\/\/imtile.com\/wp-content\/uploads\/2025\/08\/gach-terrazzo-nha-tam-10.jpg","width":650,"height":498},{"@type":"BreadcrumbList","@id":"https:\/\/imtile.com\/index.php\/luxury-living-room-sofa-for-home-decor-3\/#breadcrumb","itemListElement":[{"@type":"ListItem","position":1,"name":"Trang ch\u1ee7","item":"https:\/\/imtile.com\/"},{"@type":"ListItem","position":2,"name":"\u0110\u1ec9nh cao v\u1eefng ch\u1eafc cho m\u1ecdi c\u00f4ng tr\u00ecnh c\u00f9ng G\u1ea1ch Terrazzo"}]},{"@type":"WebSite","@id":"https:\/\/imtile.com\/#website","url":"https:\/\/imtile.com\/","name":"Imtile G\u1ea1ch Nh\u1eadp Kh\u1ea9u","description":"D\u1eaaN \u0110\u1ea6U XU H\u01af\u1edaNG G\u1ea0CH","publisher":{"@id":"https:\/\/imtile.com\/#organization"},"potentialAction":[{"@type":"SearchAction","target":{"@type":"EntryPoint","urlTemplate":"https:\/\/imtile.com\/?s={search_term_string}"},"query-input":{"@type":"PropertyValueSpecification","valueRequired":true,"valueName":"search_term_string"}}],"inLanguage":"vi"},{"@type":"Organization","@id":"https:\/\/imtile.com\/#organization","name":"Imtile G\u1ea1ch Nh\u1eadp Kh\u1ea9u","url":"https:\/\/imtile.com\/","logo":{"@type":"ImageObject","inLanguage":"vi","@id":"https:\/\/imtile.com\/#\/schema\/logo\/image\/","url":"https:\/\/imtile.com\/wp-content\/uploads\/2025\/08\/cropped-z6871227294711_b67f846ad200e85f9c45efe3187db7f9-3-2.png","contentUrl":"https:\/\/imtile.com\/wp-content\/uploads\/2025\/08\/cropped-z6871227294711_b67f846ad200e85f9c45efe3187db7f9-3-2.png","width":2061,"height":531,"caption":"Imtile G\u1ea1ch Nh\u1eadp Kh\u1ea9u"},"image":{"@id":"https:\/\/imtile.com\/#\/schema\/logo\/image\/"}}]}},"jetpack_sharing_enabled":true,"_links":{"self":[{"href":"https:\/\/imtile.com\/index.php\/wp-json\/wp\/v2\/pages\/243","targetHints":{"allow":["GET"]}}],"collection":[{"href":"https:\/\/imtile.com\/index.php\/wp-json\/wp\/v2\/pages"}],"about":[{"href":"https:\/\/imtile.com\/index.php\/wp-json\/wp\/v2\/types\/page"}],"author":[{"embeddable":true,"href":"https:\/\/imtile.com\/index.php\/wp-json\/wp\/v2\/users\/1"}],"replies":[{"embeddable":true,"href":"https:\/\/imtile.com\/index.php\/wp-json\/wp\/v2\/comments?post=243"}],"version-history":[{"count":6,"href":"https:\/\/imtile.com\/index.php\/wp-json\/wp\/v2\/pages\/243\/revisions"}],"predecessor-version":[{"id":1228,"href":"https:\/\/imtile.com\/index.php\/wp-json\/wp\/v2\/pages\/243\/revisions\/1228"}],"wp:featuredmedia":[{"embeddable":true,"href":"https:\/\/imtile.com\/index.php\/wp-json\/wp\/v2\/media\/1222"}],"wp:attachment":[{"href":"https:\/\/imtile.com\/index.php\/wp-json\/wp\/v2\/media?parent=243"}],"curies":[{"name":"wp","href":"https:\/\/api.w.org\/{rel}","templated":true}]}}