{"id":239,"date":"2025-08-07T03:28:07","date_gmt":"2025-08-07T03:28:07","guid":{"rendered":"https:\/\/imtile.com\/index.php\/luxury-living-room-sofa-for-home-decor\/"},"modified":"2025-08-19T03:56:22","modified_gmt":"2025-08-19T03:56:22","slug":"danh-muc-san-pham-gach-bong","status":"publish","type":"page","link":"https:\/\/imtile.com\/index.php\/danh-muc-san-pham-gach-bong\/","title":{"rendered":"Bi\u1ebfn c\u0103n nh\u00e0 th\u00e0nh v\u01b0\u1eddn hoa v\u1edbi c\u00e1c ho\u1ea1 ti\u1ebft G\u1ea1ch B\u00f4ng"},"content":{"rendered":"\t\t<div data-elementor-type=\"wp-page\" data-elementor-id=\"239\" class=\"elementor elementor-239\">\n\t\t\t\t<div class=\"elementor-element elementor-element-2248f26b e-flex e-con-boxed e-con e-parent\" data-id=\"2248f26b\" data-element_type=\"container\">\n\t\t\t\t\t<div class=\"e-con-inner\">\n\t\t\t\t<div class=\"elementor-element elementor-element-530c7f72 elementor-widget elementor-widget-text-editor\" data-id=\"530c7f72\" data-element_type=\"widget\" data-widget_type=\"text-editor.default\">\n\t\t\t\t\t\t\t\t\t<p>G\u1ea1ch b\u00f4g l\u00e0 lo\u1ea1i g\u1ea1ch b\u00ea t\u00f4ng nh\u1eb9, c\u00f3 b\u1ec1 m\u1eb7t m\u1ecbn v\u00e0 \u0111\u1ed9 ch\u1ecbu l\u1ef1c \u1ed5n \u0111\u1ecbnh, ph\u00f9 h\u1ee3p cho nh\u1eefng c\u00f4ng tr\u00ecnh y\u00eau c\u1ea7u s\u1ef1 nh\u1eb9 nh\u00e0ng v\u00e0 ti\u1ebft ki\u1ec7m th\u1eddi gian thi c\u00f4ng.<\/p>\n\n<blockquote class=\"wp-block-quote is-layout-flow wp-block-quote-is-layout-flow\">\n<p>\u00a0<\/p>\n<\/blockquote>\n\t\t\t\t\t\t\t\t<\/div>\n\t\t\t\t\t<\/div>\n\t\t\t\t<\/div>\n\t\t\t\t<\/div>\n\t\t","protected":false},"excerpt":{"rendered":"<p>G\u1ea1ch b\u00f4g l\u00e0 lo\u1ea1i g\u1ea1ch b\u00ea t\u00f4ng nh\u1eb9, c\u00f3 b\u1ec1 m\u1eb7t m\u1ecbn v\u00e0 \u0111\u1ed9 ch\u1ecbu l\u1ef1c \u1ed5n \u0111\u1ecbnh, ph\u00f9 h\u1ee3p cho nh\u1eefng c\u00f4ng tr\u00ecnh y\u00eau c\u1ea7u s\u1ef1 nh\u1eb9 nh\u00e0ng v\u00e0 ti\u1ebft ki\u1ec7m th\u1eddi gian thi c\u00f4ng. \u00a0<\/p>\n","protected":false},"author":1,"featured_media":173,"parent":0,"menu_order":0,"comment_status":"closed","ping_status":"closed","template":"","meta":{"footnotes":""},"class_list":["post-239","page","type-page","status-publish","has-post-thumbnail","hentry"],"yoast_head":"<!-- This site is optimized with the Yoast SEO plugin v25.6 - https:\/\/yoast.com\/wordpress\/plugins\/seo\/ -->\n<title>Bi\u1ebfn c\u0103n nh\u00e0 th\u00e0nh v\u01b0\u1eddn hoa v\u1edbi c\u00e1c ho\u1ea1 ti\u1ebft G\u1ea1ch B\u00f4ng - Imtile G\u1ea1ch Nh\u1eadp Kh\u1ea9u<\/title>\n<meta name=\"robots\" content=\"index, follow, max-snippet:-1, max-image-preview:large, max-video-preview:-1\" \/>\n<link rel=\"canonical\" href=\"https:\/\/imtile.com\/index.php\/danh-muc-san-pham-gach-bong\/\" \/>\n<meta property=\"og:locale\" content=\"vi_VN\" \/>\n<meta property=\"og:type\" content=\"article\" \/>\n<meta property=\"og:title\" content=\"Bi\u1ebfn c\u0103n nh\u00e0 th\u00e0nh v\u01b0\u1eddn hoa v\u1edbi c\u00e1c ho\u1ea1 ti\u1ebft G\u1ea1ch B\u00f4ng - Imtile G\u1ea1ch Nh\u1eadp Kh\u1ea9u\" \/>\n<meta property=\"og:description\" content=\"G\u1ea1ch b\u00f4g l\u00e0 lo\u1ea1i g\u1ea1ch b\u00ea t\u00f4ng nh\u1eb9, c\u00f3 b\u1ec1 m\u1eb7t m\u1ecbn v\u00e0 \u0111\u1ed9 ch\u1ecbu l\u1ef1c \u1ed5n \u0111\u1ecbnh, ph\u00f9 h\u1ee3p cho nh\u1eefng c\u00f4ng tr\u00ecnh y\u00eau c\u1ea7u s\u1ef1 nh\u1eb9 nh\u00e0ng v\u00e0 ti\u1ebft ki\u1ec7m th\u1eddi gian thi c\u00f4ng. \u00a0\" \/>\n<meta property=\"og:url\" content=\"https:\/\/imtile.com\/index.php\/danh-muc-san-pham-gach-bong\/\" \/>\n<meta property=\"og:site_name\" content=\"Imtile G\u1ea1ch Nh\u1eadp Kh\u1ea9u\" \/>\n<meta property=\"article:modified_time\" content=\"2025-08-19T03:56:22+00:00\" \/>\n<meta property=\"og:image\" content=\"https:\/\/imtile.com\/wp-content\/uploads\/2025\/08\/mf3144-2.jpg\" \/>\n\t<meta property=\"og:image:width\" content=\"1200\" \/>\n\t<meta property=\"og:image:height\" content=\"1527\" \/>\n\t<meta property=\"og:image:type\" content=\"image\/jpeg\" \/>\n<meta name=\"twitter:card\" content=\"summary_large_image\" \/>\n<meta name=\"twitter:label1\" content=\"\u01af\u1edbc t\u00ednh th\u1eddi gian \u0111\u1ecdc\" \/>\n\t<meta name=\"twitter:data1\" content=\"1 ph\u00fat\" \/>\n<script type=\"application\/ld+json\" class=\"yoast-schema-graph\">{\"@context\":\"https:\/\/schema.org\",\"@graph\":[{\"@type\":\"WebPage\",\"@id\":\"https:\/\/imtile.com\/index.php\/danh-muc-san-pham-gach-bong\/\",\"url\":\"https:\/\/imtile.com\/index.php\/danh-muc-san-pham-gach-bong\/\",\"name\":\"Bi\u1ebfn c\u0103n nh\u00e0 th\u00e0nh v\u01b0\u1eddn hoa v\u1edbi c\u00e1c ho\u1ea1 ti\u1ebft G\u1ea1ch B\u00f4ng - Imtile G\u1ea1ch Nh\u1eadp Kh\u1ea9u\",\"isPartOf\":{\"@id\":\"https:\/\/imtile.com\/#website\"},\"primaryImageOfPage\":{\"@id\":\"https:\/\/imtile.com\/index.php\/danh-muc-san-pham-gach-bong\/#primaryimage\"},\"image\":{\"@id\":\"https:\/\/imtile.com\/index.php\/danh-muc-san-pham-gach-bong\/#primaryimage\"},\"thumbnailUrl\":\"https:\/\/imtile.com\/wp-content\/uploads\/2025\/08\/mf3144-2.jpg\",\"datePublished\":\"2025-08-07T03:28:07+00:00\",\"dateModified\":\"2025-08-19T03:56:22+00:00\",\"breadcrumb\":{\"@id\":\"https:\/\/imtile.com\/index.php\/danh-muc-san-pham-gach-bong\/#breadcrumb\"},\"inLanguage\":\"vi\",\"potentialAction\":[{\"@type\":\"ReadAction\",\"target\":[\"https:\/\/imtile.com\/index.php\/danh-muc-san-pham-gach-bong\/\"]}]},{\"@type\":\"ImageObject\",\"inLanguage\":\"vi\",\"@id\":\"https:\/\/imtile.com\/index.php\/danh-muc-san-pham-gach-bong\/#primaryimage\",\"url\":\"https:\/\/imtile.com\/wp-content\/uploads\/2025\/08\/mf3144-2.jpg\",\"contentUrl\":\"https:\/\/imtile.com\/wp-content\/uploads\/2025\/08\/mf3144-2.jpg\",\"width\":1200,\"height\":1527},{\"@type\":\"BreadcrumbList\",\"@id\":\"https:\/\/imtile.com\/index.php\/danh-muc-san-pham-gach-bong\/#breadcrumb\",\"itemListElement\":[{\"@type\":\"ListItem\",\"position\":1,\"name\":\"Trang ch\u1ee7\",\"item\":\"https:\/\/imtile.com\/\"},{\"@type\":\"ListItem\",\"position\":2,\"name\":\"Bi\u1ebfn c\u0103n nh\u00e0 th\u00e0nh v\u01b0\u1eddn hoa v\u1edbi c\u00e1c ho\u1ea1 ti\u1ebft G\u1ea1ch B\u00f4ng\"}]},{\"@type\":\"WebSite\",\"@id\":\"https:\/\/imtile.com\/#website\",\"url\":\"https:\/\/imtile.com\/\",\"name\":\"Imtile G\u1ea1ch Nh\u1eadp Kh\u1ea9u\",\"description\":\"D\u1eaaN \u0110\u1ea6U XU H\u01af\u1edaNG G\u1ea0CH\",\"publisher\":{\"@id\":\"https:\/\/imtile.com\/#organization\"},\"potentialAction\":[{\"@type\":\"SearchAction\",\"target\":{\"@type\":\"EntryPoint\",\"urlTemplate\":\"https:\/\/imtile.com\/?s={search_term_string}\"},\"query-input\":{\"@type\":\"PropertyValueSpecification\",\"valueRequired\":true,\"valueName\":\"search_term_string\"}}],\"inLanguage\":\"vi\"},{\"@type\":\"Organization\",\"@id\":\"https:\/\/imtile.com\/#organization\",\"name\":\"Imtile G\u1ea1ch Nh\u1eadp Kh\u1ea9u\",\"url\":\"https:\/\/imtile.com\/\",\"logo\":{\"@type\":\"ImageObject\",\"inLanguage\":\"vi\",\"@id\":\"https:\/\/imtile.com\/#\/schema\/logo\/image\/\",\"url\":\"https:\/\/imtile.com\/wp-content\/uploads\/2025\/08\/cropped-z6871227294711_b67f846ad200e85f9c45efe3187db7f9-3-2.png\",\"contentUrl\":\"https:\/\/imtile.com\/wp-content\/uploads\/2025\/08\/cropped-z6871227294711_b67f846ad200e85f9c45efe3187db7f9-3-2.png\",\"width\":2061,\"height\":531,\"caption\":\"Imtile G\u1ea1ch Nh\u1eadp Kh\u1ea9u\"},\"image\":{\"@id\":\"https:\/\/imtile.com\/#\/schema\/logo\/image\/\"}}]}<\/script>\n<!-- \/ Yoast SEO plugin. -->","yoast_head_json":{"title":"Bi\u1ebfn c\u0103n nh\u00e0 th\u00e0nh v\u01b0\u1eddn hoa v\u1edbi c\u00e1c ho\u1ea1 ti\u1ebft G\u1ea1ch B\u00f4ng - Imtile G\u1ea1ch Nh\u1eadp Kh\u1ea9u","robots":{"index":"index","follow":"follow","max-snippet":"max-snippet:-1","max-image-preview":"max-image-preview:large","max-video-preview":"max-video-preview:-1"},"canonical":"https:\/\/imtile.com\/index.php\/danh-muc-san-pham-gach-bong\/","og_locale":"vi_VN","og_type":"article","og_title":"Bi\u1ebfn c\u0103n nh\u00e0 th\u00e0nh v\u01b0\u1eddn hoa v\u1edbi c\u00e1c ho\u1ea1 ti\u1ebft G\u1ea1ch B\u00f4ng - Imtile G\u1ea1ch Nh\u1eadp Kh\u1ea9u","og_description":"G\u1ea1ch b\u00f4g l\u00e0 lo\u1ea1i g\u1ea1ch b\u00ea t\u00f4ng nh\u1eb9, c\u00f3 b\u1ec1 m\u1eb7t m\u1ecbn v\u00e0 \u0111\u1ed9 ch\u1ecbu l\u1ef1c \u1ed5n \u0111\u1ecbnh, ph\u00f9 h\u1ee3p cho nh\u1eefng c\u00f4ng tr\u00ecnh y\u00eau c\u1ea7u s\u1ef1 nh\u1eb9 nh\u00e0ng v\u00e0 ti\u1ebft ki\u1ec7m th\u1eddi gian thi c\u00f4ng. \u00a0","og_url":"https:\/\/imtile.com\/index.php\/danh-muc-san-pham-gach-bong\/","og_site_name":"Imtile G\u1ea1ch Nh\u1eadp Kh\u1ea9u","article_modified_time":"2025-08-19T03:56:22+00:00","og_image":[{"width":1200,"height":1527,"url":"https:\/\/imtile.com\/wp-content\/uploads\/2025\/08\/mf3144-2.jpg","type":"image\/jpeg"}],"twitter_card":"summary_large_image","twitter_misc":{"\u01af\u1edbc t\u00ednh th\u1eddi gian \u0111\u1ecdc":"1 ph\u00fat"},"schema":{"@context":"https:\/\/schema.org","@graph":[{"@type":"WebPage","@id":"https:\/\/imtile.com\/index.php\/danh-muc-san-pham-gach-bong\/","url":"https:\/\/imtile.com\/index.php\/danh-muc-san-pham-gach-bong\/","name":"Bi\u1ebfn c\u0103n nh\u00e0 th\u00e0nh v\u01b0\u1eddn hoa v\u1edbi c\u00e1c ho\u1ea1 ti\u1ebft G\u1ea1ch B\u00f4ng - Imtile G\u1ea1ch Nh\u1eadp Kh\u1ea9u","isPartOf":{"@id":"https:\/\/imtile.com\/#website"},"primaryImageOfPage":{"@id":"https:\/\/imtile.com\/index.php\/danh-muc-san-pham-gach-bong\/#primaryimage"},"image":{"@id":"https:\/\/imtile.com\/index.php\/danh-muc-san-pham-gach-bong\/#primaryimage"},"thumbnailUrl":"https:\/\/imtile.com\/wp-content\/uploads\/2025\/08\/mf3144-2.jpg","datePublished":"2025-08-07T03:28:07+00:00","dateModified":"2025-08-19T03:56:22+00:00","breadcrumb":{"@id":"https:\/\/imtile.com\/index.php\/danh-muc-san-pham-gach-bong\/#breadcrumb"},"inLanguage":"vi","potentialAction":[{"@type":"ReadAction","target":["https:\/\/imtile.com\/index.php\/danh-muc-san-pham-gach-bong\/"]}]},{"@type":"ImageObject","inLanguage":"vi","@id":"https:\/\/imtile.com\/index.php\/danh-muc-san-pham-gach-bong\/#primaryimage","url":"https:\/\/imtile.com\/wp-content\/uploads\/2025\/08\/mf3144-2.jpg","contentUrl":"https:\/\/imtile.com\/wp-content\/uploads\/2025\/08\/mf3144-2.jpg","width":1200,"height":1527},{"@type":"BreadcrumbList","@id":"https:\/\/imtile.com\/index.php\/danh-muc-san-pham-gach-bong\/#breadcrumb","itemListElement":[{"@type":"ListItem","position":1,"name":"Trang ch\u1ee7","item":"https:\/\/imtile.com\/"},{"@type":"ListItem","position":2,"name":"Bi\u1ebfn c\u0103n nh\u00e0 th\u00e0nh v\u01b0\u1eddn hoa v\u1edbi c\u00e1c ho\u1ea1 ti\u1ebft G\u1ea1ch B\u00f4ng"}]},{"@type":"WebSite","@id":"https:\/\/imtile.com\/#website","url":"https:\/\/imtile.com\/","name":"Imtile G\u1ea1ch Nh\u1eadp Kh\u1ea9u","description":"D\u1eaaN \u0110\u1ea6U XU H\u01af\u1edaNG G\u1ea0CH","publisher":{"@id":"https:\/\/imtile.com\/#organization"},"potentialAction":[{"@type":"SearchAction","target":{"@type":"EntryPoint","urlTemplate":"https:\/\/imtile.com\/?s={search_term_string}"},"query-input":{"@type":"PropertyValueSpecification","valueRequired":true,"valueName":"search_term_string"}}],"inLanguage":"vi"},{"@type":"Organization","@id":"https:\/\/imtile.com\/#organization","name":"Imtile G\u1ea1ch Nh\u1eadp Kh\u1ea9u","url":"https:\/\/imtile.com\/","logo":{"@type":"ImageObject","inLanguage":"vi","@id":"https:\/\/imtile.com\/#\/schema\/logo\/image\/","url":"https:\/\/imtile.com\/wp-content\/uploads\/2025\/08\/cropped-z6871227294711_b67f846ad200e85f9c45efe3187db7f9-3-2.png","contentUrl":"https:\/\/imtile.com\/wp-content\/uploads\/2025\/08\/cropped-z6871227294711_b67f846ad200e85f9c45efe3187db7f9-3-2.png","width":2061,"height":531,"caption":"Imtile G\u1ea1ch Nh\u1eadp Kh\u1ea9u"},"image":{"@id":"https:\/\/imtile.com\/#\/schema\/logo\/image\/"}}]}},"jetpack_sharing_enabled":true,"_links":{"self":[{"href":"https:\/\/imtile.com\/index.php\/wp-json\/wp\/v2\/pages\/239","targetHints":{"allow":["GET"]}}],"collection":[{"href":"https:\/\/imtile.com\/index.php\/wp-json\/wp\/v2\/pages"}],"about":[{"href":"https:\/\/imtile.com\/index.php\/wp-json\/wp\/v2\/types\/page"}],"author":[{"embeddable":true,"href":"https:\/\/imtile.com\/index.php\/wp-json\/wp\/v2\/users\/1"}],"replies":[{"embeddable":true,"href":"https:\/\/imtile.com\/index.php\/wp-json\/wp\/v2\/comments?post=239"}],"version-history":[{"count":13,"href":"https:\/\/imtile.com\/index.php\/wp-json\/wp\/v2\/pages\/239\/revisions"}],"predecessor-version":[{"id":1213,"href":"https:\/\/imtile.com\/index.php\/wp-json\/wp\/v2\/pages\/239\/revisions\/1213"}],"wp:featuredmedia":[{"embeddable":true,"href":"https:\/\/imtile.com\/index.php\/wp-json\/wp\/v2\/media\/173"}],"wp:attachment":[{"href":"https:\/\/imtile.com\/index.php\/wp-json\/wp\/v2\/media?parent=239"}],"curies":[{"name":"wp","href":"https:\/\/api.w.org\/{rel}","templated":true}]}}